{"id":109,"date":"2025-09-17T07:57:49","date_gmt":"2025-09-17T05:57:49","guid":{"rendered":"https:\/\/www.pferdekoerperausbildung.de\/?page_id=109"},"modified":"2026-02-21T09:57:51","modified_gmt":"2026-02-21T08:57:51","slug":"die-erste-phase","status":"publish","type":"page","link":"https:\/\/www.pferdekoerperausbildung.de\/?page_id=109","title":{"rendered":"Die erste Phase: Druck, Spannung, Belastung und Stress wird durch Bewegung ersetzt"},"content":{"rendered":"\n<p>Die erste Phase: Ersetzen von fehlenden Strukturen &#8211; Ausgleichsphase<\/p>\n\n\n\n<p>Wie Sie den Prozess beginnen, bei dem Sie das nat\u00fcrliche &#8222;rohe&#8220; Pferd zu einem trag- und reitf\u00e4higen Pferdek\u00f6rper begleiten.<\/p>\n\n\n\n<p><\/p>\n","protected":false},"excerpt":{"rendered":"<p>Die erste Phase: Ersetzen von fehlenden Strukturen &#8211; Ausgleichsphase Wie Sie den Prozess beginnen, bei dem Sie das nat\u00fcrliche &#8222;rohe&#8220; Pferd zu einem trag- und &hellip;<\/p>\n","protected":false},"author":2,"featured_media":643,"parent":0,"menu_order":0,"comment_status":"closed","ping_status":"closed","template":"","meta":{"footnotes":""},"folder":[],"class_list":["post-109","page","type-page","status-publish","has-post-thumbnail","hentry"],"_links":{"self":[{"href":"https:\/\/www.pferdekoerperausbildung.de\/index.php?rest_route=\/wp\/v2\/pages\/109","targetHints":{"allow":["GET"]}}],"collection":[{"href":"https:\/\/www.pferdekoerperausbildung.de\/index.php?rest_route=\/wp\/v2\/pages"}],"about":[{"href":"https:\/\/www.pferdekoerperausbildung.de\/index.php?rest_route=\/wp\/v2\/types\/page"}],"author":[{"embeddable":true,"href":"https:\/\/www.pferdekoerperausbildung.de\/index.php?rest_route=\/wp\/v2\/users\/2"}],"replies":[{"embeddable":true,"href":"https:\/\/www.pferdekoerperausbildung.de\/index.php?rest_route=%2Fwp%2Fv2%2Fcomments&post=109"}],"version-history":[{"count":12,"href":"https:\/\/www.pferdekoerperausbildung.de\/index.php?rest_route=\/wp\/v2\/pages\/109\/revisions"}],"predecessor-version":[{"id":647,"href":"https:\/\/www.pferdekoerperausbildung.de\/index.php?rest_route=\/wp\/v2\/pages\/109\/revisions\/647"}],"wp:featuredmedia":[{"embeddable":true,"href":"https:\/\/www.pferdekoerperausbildung.de\/index.php?rest_route=\/wp\/v2\/media\/643"}],"wp:attachment":[{"href":"https:\/\/www.pferdekoerperausbildung.de\/index.php?rest_route=%2Fwp%2Fv2%2Fmedia&parent=109"}],"wp:term":[{"taxonomy":"folder","embeddable":true,"href":"https:\/\/www.pferdekoerperausbildung.de\/index.php?rest_route=%2Fwp%2Fv2%2Ffolder&post=109"}],"curies":[{"name":"wp","href":"https:\/\/api.w.org\/{rel}","templated":true}]}}